{"id":201,"date":"2017-07-19T10:00:13","date_gmt":"2017-07-19T14:00:13","guid":{"rendered":"https:\/\/www.policianacional.gov.py\/transparenciayanticorrupcion\/?page_id=201"},"modified":"2017-07-19T10:30:11","modified_gmt":"2017-07-19T14:30:11","slug":"organigrama-del-departamento-de-transparencia-y-anticorrupcion-y-acceso-a-la-informacion-publica","status":"publish","type":"page","link":"https:\/\/www.policianacional.gov.py\/transparenciayanticorrupcion\/organigrama-del-departamento-de-transparencia-y-anticorrupcion-y-acceso-a-la-informacion-publica\/","title":{"rendered":"Organigrama del Departamento de Transparencia y Anticorrupci\u00f3n, y Acceso a la Informaci\u00f3n P\u00fablica"},"content":{"rendered":"<p><img loading=\"lazy\" decoding=\"async\" class=\"wp-image-203 aligncenter\" src=\"https:\/\/www.policianacional.gov.py\/transparenciayanticorrupcion\/wp-content\/uploads\/sites\/13\/2017\/07\/Organigrama1-300x166.png\" alt=\"\" width=\"678\" height=\"375\" srcset=\"https:\/\/www.policianacional.gov.py\/transparenciayanticorrupcion\/wp-content\/uploads\/sites\/13\/2017\/07\/Organigrama1-300x166.png 300w, https:\/\/www.policianacional.gov.py\/transparenciayanticorrupcion\/wp-content\/uploads\/sites\/13\/2017\/07\/Organigrama1-768x425.png 768w, https:\/\/www.policianacional.gov.py\/transparenciayanticorrupcion\/wp-content\/uploads\/sites\/13\/2017\/07\/Organigrama1.png 903w\" sizes=\"auto, (max-width: 678px) 100vw, 678px\" \/><\/p>\n","protected":false},"excerpt":{"rendered":"","protected":false},"author":1,"featured_media":0,"parent":0,"menu_order":0,"comment_status":"closed","ping_status":"closed","template":"","meta":{"generate_page_header":"","footnotes":""},"class_list":["post-201","page","type-page","status-publish"],"jetpack_sharing_enabled":true,"jetpack_shortlink":"https:\/\/wp.me\/P8Lk9H-3f","_links":{"self":[{"href":"https:\/\/www.policianacional.gov.py\/transparenciayanticorrupcion\/wp-json\/wp\/v2\/pages\/201","targetHints":{"allow":["GET"]}}],"collection":[{"href":"https:\/\/www.policianacional.gov.py\/transparenciayanticorrupcion\/wp-json\/wp\/v2\/pages"}],"about":[{"href":"https:\/\/www.policianacional.gov.py\/transparenciayanticorrupcion\/wp-json\/wp\/v2\/types\/page"}],"author":[{"embeddable":true,"href":"https:\/\/www.policianacional.gov.py\/transparenciayanticorrupcion\/wp-json\/wp\/v2\/users\/1"}],"replies":[{"embeddable":true,"href":"https:\/\/www.policianacional.gov.py\/transparenciayanticorrupcion\/wp-json\/wp\/v2\/comments?post=201"}],"version-history":[{"count":5,"href":"https:\/\/www.policianacional.gov.py\/transparenciayanticorrupcion\/wp-json\/wp\/v2\/pages\/201\/revisions"}],"predecessor-version":[{"id":208,"href":"https:\/\/www.policianacional.gov.py\/transparenciayanticorrupcion\/wp-json\/wp\/v2\/pages\/201\/revisions\/208"}],"wp:attachment":[{"href":"https:\/\/www.policianacional.gov.py\/transparenciayanticorrupcion\/wp-json\/wp\/v2\/media?parent=201"}],"curies":[{"name":"wp","href":"https:\/\/api.w.org\/{rel}","templated":true}]}}