{"id":192,"date":"2017-07-19T09:34:00","date_gmt":"2017-07-19T13:34:00","guid":{"rendered":"https:\/\/www.policianacional.gov.py\/transparenciayanticorrupcion\/?page_id=192"},"modified":"2018-08-17T08:55:20","modified_gmt":"2018-08-17T12:55:20","slug":"historia","status":"publish","type":"page","link":"https:\/\/www.policianacional.gov.py\/transparenciayanticorrupcion\/historia\/","title":{"rendered":"HISTORIA"},"content":{"rendered":"<p>El Departamento de Transparencia y Anticorrupci\u00f3n y Oficina de Acceso a la Informaci\u00f3n P\u00fablica, fue creado el 11 de Octubre de 2016, por <i>Resoluci\u00f3n 924\/16, <\/i>emanada de la Comandancia de la Polic\u00eda Nacional, en ese entonces bajo la gesti\u00f3n del Se\u00f1or <b>Crio. Gral. Cmdte. <\/b><b>Cr\u00edspulo<\/b><b> Sotelo C\u00e1ceres<\/b>, <b>(hoy por hoy ya retirado de la funci\u00f3n policial), <\/b>y en coordinaci\u00f3n con la Secretaria Nacional Anticorrupci\u00f3n (SENAC) y como primera Jefa del Dpto. nombrada por Resoluci\u00f3n N\u00b0 932\/16 de la Comandancia de la Polic\u00eda Nacional, la <b>Crio. MAAP Abg. <\/b><b>Zunilda<\/b><b> Escobar<\/b>.<\/p>\n<p style=\"text-align: center;\"><strong>GOBIERNO NACIONAL<\/strong><\/p>\n<p style=\"text-align: center;\">\n<p style=\"text-align: center;\"><strong>HABILITACI\u00d3N DEL DEPARTAMENTO<\/strong><\/p>\n<p>Habilitada en fecha 17 de Octubre del 2016, con la distinguida presencia del Excelentisimo Se\u00f1or Presidente de la Rep\u00fablica Don Horacio Manuel Cartes Jara, Vicepresidente Se\u00f1or Juan Eudes Afara Maciel, Se\u00f1ora Ministra de la Secretaria Anticorrupci\u00f3n Soledad Qui\u00f1onez, Se\u00f1or Comandante de la Polic\u00eda Nacional Crio. Gral. Cmdnte. Cr\u00edspulo Sotelo C\u00e1ceres, Se\u00f1or Subcomandante Crio. Gral. Director Luis Carlos Rojas, la Embajadora de los Estados Unidos de Am\u00e9rica Se\u00f1ora Leslie A. Basset, la Embajadora de Colombia Se\u00f1ora Adela Mar\u00eda Maestre Cuello, Comisarios Generales, Oficiales Superiores, Oficiales Subalternos, Suboficiales, Funcionarios y Miembros de la Prensa.<\/p>\n<p style=\"text-align: center;\"><strong>INTEGRACI\u00d3N A LA RTA<\/strong><\/p>\n<p>Por Decreto del Poder Ejecutivo N\u00b0 4937, el 18 de Febrero de 2016 es creada la \u201c<b><i>Red de Transparencia y Anticorrupci\u00f3n\u201d <\/i><\/b>(SENAC) en coordinaci\u00f3n con la Secretaria Nacional Anticorrupci\u00f3n, dependiente del Poder Ejecutivo.<\/p>\n<p style=\"text-align: center;\"><strong>GESTION DEL DPTO. DESDE SU CREACI\u00d3N HASTA LA FECHA<\/strong><\/p>\n<p>Definir y desarrollar planes y proyectos ajustados a las reales necesidades de la Instituci\u00f3n, relacionado con la <i>TRANSPARENCIA Y ANTICORRUPCI\u00d3N<\/i> de las gestiones realizadas por el personal policial y as\u00ed liderar la aplicaci\u00f3n de pol\u00edticas transparentes en la gesti\u00f3n, luchando contra la corrupci\u00f3n a fin de buscar mecanismos estrat\u00e9gicos que garantice el buen desempe\u00f1o policial.<\/p>\n","protected":false},"excerpt":{"rendered":"<p>El Departamento de Transparencia y Anticorrupci\u00f3n y Oficina de Acceso a la Informaci\u00f3n P\u00fablica, fue creado el 11 de Octubre de 2016, por Resoluci\u00f3n 924\/16, emanada de la Comandancia de la Polic\u00eda Nacional, en ese entonces bajo la gesti\u00f3n del &#8230; <a title=\"HISTORIA\" class=\"read-more\" href=\"https:\/\/www.policianacional.gov.py\/transparenciayanticorrupcion\/historia\/\" aria-label=\"Leer m\u00e1s sobre HISTORIA\">Leer M\u00e1s&#8230;<\/a><\/p>\n","protected":false},"author":1,"featured_media":0,"parent":0,"menu_order":0,"comment_status":"closed","ping_status":"closed","template":"","meta":{"generate_page_header":"","footnotes":""},"class_list":["post-192","page","type-page","status-publish"],"jetpack_sharing_enabled":true,"jetpack_shortlink":"https:\/\/wp.me\/P8Lk9H-36","_links":{"self":[{"href":"https:\/\/www.policianacional.gov.py\/transparenciayanticorrupcion\/wp-json\/wp\/v2\/pages\/192","targetHints":{"allow":["GET"]}}],"collection":[{"href":"https:\/\/www.policianacional.gov.py\/transparenciayanticorrupcion\/wp-json\/wp\/v2\/pages"}],"about":[{"href":"https:\/\/www.policianacional.gov.py\/transparenciayanticorrupcion\/wp-json\/wp\/v2\/types\/page"}],"author":[{"embeddable":true,"href":"https:\/\/www.policianacional.gov.py\/transparenciayanticorrupcion\/wp-json\/wp\/v2\/users\/1"}],"replies":[{"embeddable":true,"href":"https:\/\/www.policianacional.gov.py\/transparenciayanticorrupcion\/wp-json\/wp\/v2\/comments?post=192"}],"version-history":[{"count":3,"href":"https:\/\/www.policianacional.gov.py\/transparenciayanticorrupcion\/wp-json\/wp\/v2\/pages\/192\/revisions"}],"predecessor-version":[{"id":366,"href":"https:\/\/www.policianacional.gov.py\/transparenciayanticorrupcion\/wp-json\/wp\/v2\/pages\/192\/revisions\/366"}],"wp:attachment":[{"href":"https:\/\/www.policianacional.gov.py\/transparenciayanticorrupcion\/wp-json\/wp\/v2\/media?parent=192"}],"curies":[{"name":"wp","href":"https:\/\/api.w.org\/{rel}","templated":true}]}}