{"id":521,"date":"2017-06-23T12:32:35","date_gmt":"2017-06-23T16:32:35","guid":{"rendered":"https:\/\/www.policianacional.gov.py\/identificaciones\/?page_id=521"},"modified":"2025-10-14T10:16:26","modified_gmt":"2025-10-14T13:16:26","slug":"expedicion-de-cedula-de-identidad-a-extranjeros-por-primera-vez","status":"publish","type":"page","link":"https:\/\/www.policianacional.gov.py\/identificaciones\/expedicion-de-cedula-de-identidad-a-extranjeros-por-primera-vez\/","title":{"rendered":"EXPEDICI\u00d3N DE C\u00c9DULA DE IDENTIDAD A EXTRANJEROS POR PRIMERA VEZ"},"content":{"rendered":"<div class=\"title-service\" style=\"text-align: center;\"><strong>VISTO:<\/strong> La Ley N\u00b0 7280 \u00abDE REFORMA Y MODERNIZACI\u00d3N DE LA POLIC\u00cdA NACIONAL\u00bb y;<\/div>\n<div class=\"title-service\" style=\"text-align: center;\"><strong>CONSIDERANDO:<\/strong> Que el articulo 6\u00b0 numeral 8 de la Ley 7280 \u00abDe reforma y modernizaci\u00f3n de la Polic\u00eda Nacional\u00bb, establece como atribuciones de la Instituci\u00f3n, expedir la C\u00e9dula de Identidad Civil, Pasaporte y Certificado de Antecedente Policial;<\/div>\n<div class=\"title-service\" style=\"text-align: center;\"><strong>POR LO TANTO:<\/strong> en uso de sus atribuciones que le confiere el art\u00edculo 210, numeral 5 de la Ley 7280 \u00abDe reforma y modernizaci\u00f3n de la Polic\u00eda Nacional\u00bb<\/div>\n<div class=\"title-service\" style=\"text-align: center;\">\n<p class=\"cmsmasters_heading\"><strong>RESUELVE LA EXPEDICI\u00d3N DE C\u00c9DULA DE IDENTIDAD A EXTRANJEROS POR PRIMERA VEZ<\/strong><\/p>\n<\/div>\n<p><a href=\"https:\/\/www.policianacional.gov.py\/identificaciones\/cedula-de-identidad-por-primera-vez-a-extranjeros-con-radicacion-permanente\/\"><strong>Para extranjeros radicados con Radicaci\u00f3n Temporal y Permanente &#8211; Primera vez.<\/strong><\/a><\/p>\n<p><strong><a href=\"https:\/\/www.policianacional.gov.py\/identificaciones\/cedula-de-identidad-por-primera-vez-a-extranjeros-menores-de-edad-hijoa-de-padre-o-madre-paraguayoa\/\">Para menores de edad, hijos\/as de padre o madre paraguayos\/as nacidos en el extranjero.<\/a><\/strong><\/p>\n<p><a href=\"https:\/\/www.policianacional.gov.py\/identificaciones\/cedula-de-identidad-a-extranjeros-mayores-de-edad-hijoa-de-padre-o-madre-paraguayoa\/\"><strong>Para mayores de edad, hijos\/as de padre o madre paraguayos\/as nacidos en el extranjero.<\/strong><\/a><\/p>\n<p><a href=\"https:\/\/www.policianacional.gov.py\/identificaciones\/cedula-de-identidad-por-primera-vez-a-extranjeros-con-conyuge-de-nacionalidad-paraguaya\/\"><strong>Para extranjeros con c\u00f3nyuge de nacionalidad paraguaya.<\/strong><\/a><\/p>\n<h2><\/h2>\n<h2>El Departamento de Identificaciones de la Polic\u00eda Nacional, podr\u00e1 realizar entrevistas y deber\u00e1 solicitar documentaci\u00f3n complementar\u00eda en los siguientes casos:<\/h2>\n<ul>\n<li>Cuando el interesado que solicita c\u00e9dula de identidad por primera vez, sea hijo\/a de extranjero radicado o no en el pa\u00eds.<\/li>\n<li>Cuando el interesado no hable cualquiera de los idiomas oficiales del Estado Paraguayo.<\/li>\n<li>Cuando la inscripci\u00f3n realizada en la Direcci\u00f3n General del Registro de Estado Civil sea reciente, y el procedimiento no haya sido realizado por orden judicial o por Declaraci\u00f3n personal seg\u00fan establecido en la Ley 1266\/87.<\/li>\n<li>Cuando la inscripci\u00f3n en la Direcci\u00f3n General del Registro del Estado Civil haya sido realizada por Declaraci\u00f3n Personal, de conformidad al Decreto Reglamentario N\u00b0 20.398\/03, art\u00edculo 62 de la Ley 1266\/87.<\/li>\n<\/ul>\n<h2>Requisitos para la entrega de Documentos<\/h2>\n<p>Para la entrega de C\u00e9dula de identidad a su titular, se requiere el siguiente documento:<\/p>\n<ul>\n<li><strong>Presentaci\u00f3n del comprobante de solicitud de la c\u00e9dula de identidad.<\/strong><\/li>\n<li>En caso de extravi\u00f3, hurto y robo del comprobante de solicitud de la c\u00e9dula de identidad, \u00fanicamente el interesado podr\u00e1 retirar su documento de identidad, previa presentaci\u00f3n de la transcripci\u00f3n de la denuncia policial respectiva.<\/li>\n<li>La c\u00e9dula de identidad del ni\u00f1o\/a o adolescente, se podr\u00e1 entregar al padre, a la madre, hermanos\/as mayores o sus representantes legales, tutores, guardadores o cualquier otra figura de representaci\u00f3n del ni\u00f1o debidamente comprobada, previa presentaci\u00f3n del comprobante de solicitud o la transcripci\u00f3n de la denuncia policial de extrav\u00edo, hurto o robo del comprobante de solicitud.<\/li>\n<li>Para la entrega de c\u00e9dula de identidad cuyo titular haya fallecido despu\u00e9s de la solicitud del documento de identidad, el mismo podr\u00e1 ser entregado al padre, a la madre, hermanos\/as, esposa\/o e hijos\/as mayores, previa presentaci\u00f3n del comprobante de la solicitud y el certificado de Defunci\u00f3n original del titular.<\/li>\n<li>Para la entrega de la C\u00e9dula de identidad a persona que se encuentra con alguna incapacidad, enfermedad grave o est\u00e9n fuera del pa\u00eds, conforme al comprobante respectivo en cada caso, se podr\u00e1 entregar la c\u00e9dula de identidad al padre, a la madre, hermanos\/as mayores, hijos\/as mayores, esposo\/a o su representante legal debidamente acreditado con poder especial, previa presentaci\u00f3n del comprobante de solicitud o la transcripci\u00f3n de la denuncia policial de extrav\u00edo, hurto o robo.<\/li>\n<li>Para entregar m\u00e1s de una C\u00e9dula de Identidad a representantes de personas que viven en comunidades lejanas a la capital o donde no existan oficinas del Departamento de Identificaciones, ser\u00e1 obligatoria la presentaci\u00f3n de los comprobantes de solicitud originales, previa autorizaci\u00f3n por escrito y autenticado por Escribano P\u00fablico o por el Juzgado de Paz jurisdiccional, a favor de las autoridades p\u00fablicas o representantes convencionales.<\/li>\n<li>Es de exclusiva responsabilidad del representante convencional o de las autoridades p\u00fablicas que han retirado los documentos de identidad de conformidad a lo establecido en el art\u00edculo precedente, en lo referido al uso, abuso, o la retenci\u00f3n o demora en entregar los documentos a sus titulares.<\/li>\n<\/ul>\n","protected":false},"excerpt":{"rendered":"<p>VISTO: La Ley N\u00b0 7280 \u00abDE REFORMA Y MODERNIZACI\u00d3N DE LA POLIC\u00cdA NACIONAL\u00bb y; CONSIDERANDO: Que el articulo 6\u00b0 numeral 8 de la Ley 7280 \u00abDe reforma y modernizaci\u00f3n de la Polic\u00eda Nacional\u00bb, establece como atribuciones de la Instituci\u00f3n, expedir &#8230; <a title=\"EXPEDICI\u00d3N DE C\u00c9DULA DE IDENTIDAD A EXTRANJEROS POR PRIMERA VEZ\" class=\"read-more\" href=\"https:\/\/www.policianacional.gov.py\/identificaciones\/expedicion-de-cedula-de-identidad-a-extranjeros-por-primera-vez\/\" aria-label=\"Leer m\u00e1s sobre EXPEDICI\u00d3N DE C\u00c9DULA DE IDENTIDAD A EXTRANJEROS POR PRIMERA VEZ\">Leer M\u00e1s&#8230;<\/a><\/p>\n","protected":false},"author":5,"featured_media":0,"parent":0,"menu_order":0,"comment_status":"closed","ping_status":"closed","template":"","meta":{"footnotes":""},"class_list":["post-521","page","type-page","status-publish"],"jetpack_sharing_enabled":true,"jetpack_shortlink":"https:\/\/wp.me\/PfafgB-8p","_links":{"self":[{"href":"https:\/\/www.policianacional.gov.py\/identificaciones\/wp-json\/wp\/v2\/pages\/521","targetHints":{"allow":["GET"]}}],"collection":[{"href":"https:\/\/www.policianacional.gov.py\/identificaciones\/wp-json\/wp\/v2\/pages"}],"about":[{"href":"https:\/\/www.policianacional.gov.py\/identificaciones\/wp-json\/wp\/v2\/types\/page"}],"author":[{"embeddable":true,"href":"https:\/\/www.policianacional.gov.py\/identificaciones\/wp-json\/wp\/v2\/users\/5"}],"replies":[{"embeddable":true,"href":"https:\/\/www.policianacional.gov.py\/identificaciones\/wp-json\/wp\/v2\/comments?post=521"}],"version-history":[{"count":21,"href":"https:\/\/www.policianacional.gov.py\/identificaciones\/wp-json\/wp\/v2\/pages\/521\/revisions"}],"predecessor-version":[{"id":11438,"href":"https:\/\/www.policianacional.gov.py\/identificaciones\/wp-json\/wp\/v2\/pages\/521\/revisions\/11438"}],"wp:attachment":[{"href":"https:\/\/www.policianacional.gov.py\/identificaciones\/wp-json\/wp\/v2\/media?parent=521"}],"curies":[{"name":"wp","href":"https:\/\/api.w.org\/{rel}","templated":true}]}}