{"id":468,"date":"2017-06-13T12:52:09","date_gmt":"2017-06-13T16:52:09","guid":{"rendered":"https:\/\/www.policianacional.gov.py\/identificaciones\/?page_id=468"},"modified":"2017-06-13T12:53:45","modified_gmt":"2017-06-13T16:53:45","slug":"noticias","status":"publish","type":"page","link":"https:\/\/www.policianacional.gov.py\/identificaciones\/noticias\/","title":{"rendered":"Noticias"},"content":{"rendered":"<style>.wp-show-posts-columns#wpsp-62 {margin-left: -3em; }.wp-show-posts-columns#wpsp-62 .wp-show-posts-inner {margin: 0 0 3em 3em; }<\/style><section id=\"wpsp-62\" class=\" wp-show-posts\" style=\"\"><article class=\" wp-show-posts-single wpsp-clearfix post-11908 post type-post status-publish format-standard has-post-thumbnail hentry category-destacada category-noticias\" itemtype=\"http:\/\/schema.org\/CreativeWork\" itemscope><div class=\"wp-show-posts-inner\" style=\"\">\t\t<div class=\"wp-show-posts-image  wpsp-image-left \">\n\t\t\t<a href=\"https:\/\/www.policianacional.gov.py\/identificaciones\/comunicado-importante-para-la-ciudadania-2\/\"  title=\"COMUNICADO IMPORTANTE PARA LA CIUDADAN\u00cdA.\">\t\t\t\t\t<img decoding=\"async\" src=\"https:\/\/www.policianacional.gov.py\/identificaciones\/wp-content\/uploads\/sites\/7\/2026\/02\/WhatsApp-Image-2026-02-27-at-06.27.02-362x208.jpeg\" alt=\"COMUNICADO IMPORTANTE PARA LA CIUDADAN\u00cdA.\" itemprop=\"image\" class=\"left\" \/>\n\t\t\t\t<\/a>\t\t<\/div>\n\t\t\t\t\t\t\t\t<header class=\"wp-show-posts-entry-header\">\n\t\t\t\t\t\t\t<h2 class=\"wp-show-posts-entry-title\" itemprop=\"headline\"><a href=\"https:\/\/www.policianacional.gov.py\/identificaciones\/comunicado-importante-para-la-ciudadania-2\/\" rel=\"bookmark\">COMUNICADO IMPORTANTE PARA LA CIUDADAN\u00cdA.<\/a><\/h2><div class=\"wp-show-posts-entry-meta wp-show-posts-entry-meta-below-title post-meta-inline\"><span class=\"wp-show-posts-posted-on wp-show-posts-meta\">\n\t\t\t\t\t<a href=\"https:\/\/www.policianacional.gov.py\/identificaciones\/comunicado-importante-para-la-ciudadania-2\/\" title=\"06:41\" rel=\"bookmark\"><time class=\"wp-show-posts-entry-date published\" datetime=\"2026-02-25T06:41:08-03:00\" itemprop=\"datePublished\">25\/02\/2026<\/time><time class=\"wp-show-posts-updated\" datetime=\"2026-02-27T06:30:26-03:00\" itemprop=\"dateModified\">27\/02\/2026<\/time><\/a>\n\t\t\t\t<\/span><\/div>\t\t\t\t\t\t<\/header><!-- .entry-header -->\n\t\t\t\t\t\t\t\t\t\t\t<div class=\"wp-show-posts-entry-summary\" itemprop=\"text\">\n\t\t\t\t\t\t\t\t\t\t\t\t\t<\/div><!-- .entry-summary -->\n\t\t\t\t\t<div class=\"wpsp-read-more\"><a title=\"COMUNICADO IMPORTANTE PARA LA CIUDADAN\u00cdA.\" class=\"wp-show-posts-read-more\" href=\"https:\/\/www.policianacional.gov.py\/identificaciones\/comunicado-importante-para-la-ciudadania-2\/\">Leer m\u00e1s<\/a><\/div><\/div><!-- wp-show-posts-inner --><div class=\"wpsp-clear\"><\/div><\/article><article class=\" wp-show-posts-single wpsp-clearfix post-11719 post type-post status-publish format-standard has-post-thumbnail hentry category-destacada category-noticias\" itemtype=\"http:\/\/schema.org\/CreativeWork\" itemscope><div class=\"wp-show-posts-inner\" style=\"\">\t\t<div class=\"wp-show-posts-image  wpsp-image-left \">\n\t\t\t<a href=\"https:\/\/www.policianacional.gov.py\/identificaciones\/comunicado-a-la-ciudadania-4\/\"  title=\"COMUNICADO A LA CIUDADAN\u00cdA\">\t\t\t\t\t<img decoding=\"async\" src=\"https:\/\/www.policianacional.gov.py\/identificaciones\/wp-content\/uploads\/sites\/7\/2026\/01\/WhatsApp-Image-2026-01-09-at-20.13.44-362x208.jpeg\" alt=\"COMUNICADO A LA CIUDADAN\u00cdA\" itemprop=\"image\" class=\"left\" \/>\n\t\t\t\t<\/a>\t\t<\/div>\n\t\t\t\t\t\t\t\t<header class=\"wp-show-posts-entry-header\">\n\t\t\t\t\t\t\t<h2 class=\"wp-show-posts-entry-title\" itemprop=\"headline\"><a href=\"https:\/\/www.policianacional.gov.py\/identificaciones\/comunicado-a-la-ciudadania-4\/\" rel=\"bookmark\">COMUNICADO A LA CIUDADAN\u00cdA<\/a><\/h2><div class=\"wp-show-posts-entry-meta wp-show-posts-entry-meta-below-title post-meta-inline\"><span class=\"wp-show-posts-posted-on wp-show-posts-meta\">\n\t\t\t\t\t<a href=\"https:\/\/www.policianacional.gov.py\/identificaciones\/comunicado-a-la-ciudadania-4\/\" title=\"09:38\" rel=\"bookmark\"><time class=\"wp-show-posts-entry-date published\" datetime=\"2026-01-10T09:38:27-03:00\" itemprop=\"datePublished\">10\/01\/2026<\/time><\/a>\n\t\t\t\t<\/span><\/div>\t\t\t\t\t\t<\/header><!-- .entry-header -->\n\t\t\t\t\t\t\t\t\t\t\t<div class=\"wp-show-posts-entry-summary\" itemprop=\"text\">\n\t\t\t\t\t\t\t\t\t\t\t\t\t<\/div><!-- .entry-summary -->\n\t\t\t\t\t<div class=\"wpsp-read-more\"><a title=\"COMUNICADO A LA CIUDADAN\u00cdA\" class=\"wp-show-posts-read-more\" href=\"https:\/\/www.policianacional.gov.py\/identificaciones\/comunicado-a-la-ciudadania-4\/\">Leer m\u00e1s<\/a><\/div><\/div><!-- wp-show-posts-inner --><div class=\"wpsp-clear\"><\/div><\/article><article class=\" wp-show-posts-single wpsp-clearfix post-11609 post type-post status-publish format-standard has-post-thumbnail hentry category-destacada category-noticias\" itemtype=\"http:\/\/schema.org\/CreativeWork\" itemscope><div class=\"wp-show-posts-inner\" style=\"\">\t\t<div class=\"wp-show-posts-image  wpsp-image-left \">\n\t\t\t<a href=\"https:\/\/www.policianacional.gov.py\/identificaciones\/comunicado-a-la-ciudadania-3\/\"  title=\"COMUNICADO A LA CIUDADAN\u00cdA.\">\t\t\t\t\t<img decoding=\"async\" src=\"https:\/\/www.policianacional.gov.py\/identificaciones\/wp-content\/uploads\/sites\/7\/2025\/12\/7b8da03d65144ad3afd67f6c3b13293c-362x208.jpg\" alt=\"COMUNICADO A LA CIUDADAN\u00cdA.\" itemprop=\"image\" class=\"left\" \/>\n\t\t\t\t<\/a>\t\t<\/div>\n\t\t\t\t\t\t\t\t<header class=\"wp-show-posts-entry-header\">\n\t\t\t\t\t\t\t<h2 class=\"wp-show-posts-entry-title\" itemprop=\"headline\"><a href=\"https:\/\/www.policianacional.gov.py\/identificaciones\/comunicado-a-la-ciudadania-3\/\" rel=\"bookmark\">COMUNICADO A LA CIUDADAN\u00cdA.<\/a><\/h2><div class=\"wp-show-posts-entry-meta wp-show-posts-entry-meta-below-title post-meta-inline\"><span class=\"wp-show-posts-posted-on wp-show-posts-meta\">\n\t\t\t\t\t<a href=\"https:\/\/www.policianacional.gov.py\/identificaciones\/comunicado-a-la-ciudadania-3\/\" title=\"19:19\" rel=\"bookmark\"><time class=\"wp-show-posts-entry-date published\" datetime=\"2025-12-04T19:19:22-03:00\" itemprop=\"datePublished\">04\/12\/2025<\/time><time class=\"wp-show-posts-updated\" datetime=\"2025-12-04T19:20:24-03:00\" itemprop=\"dateModified\">04\/12\/2025<\/time><\/a>\n\t\t\t\t<\/span><\/div>\t\t\t\t\t\t<\/header><!-- .entry-header -->\n\t\t\t\t\t\t\t\t\t\t\t<div class=\"wp-show-posts-entry-summary\" itemprop=\"text\">\n\t\t\t\t\t\t\t\t\t\t\t\t\t<\/div><!-- .entry-summary -->\n\t\t\t\t\t<div class=\"wpsp-read-more\"><a title=\"COMUNICADO A LA CIUDADAN\u00cdA.\" class=\"wp-show-posts-read-more\" href=\"https:\/\/www.policianacional.gov.py\/identificaciones\/comunicado-a-la-ciudadania-3\/\">Leer m\u00e1s<\/a><\/div><\/div><!-- wp-show-posts-inner --><div class=\"wpsp-clear\"><\/div><\/article><article class=\" wp-show-posts-single wpsp-clearfix post-11504 post type-post status-publish format-standard has-post-thumbnail hentry category-destacada category-noticias\" itemtype=\"http:\/\/schema.org\/CreativeWork\" itemscope><div class=\"wp-show-posts-inner\" style=\"\">\t\t<div class=\"wp-show-posts-image  wpsp-image-left \">\n\t\t\t<a href=\"https:\/\/www.policianacional.gov.py\/identificaciones\/reconocimiento-especial-al-comisario-principal-flaminio-mendoza-jefe-de-gabinete-del-dpto-de-identificaciones\/\"  title=\"Reconocimiento especial al Comisario Principal Flaminio Mendoza, Jefe de Gabinete del Dpto. de Identificaciones.\">\t\t\t\t\t<img decoding=\"async\" src=\"https:\/\/www.policianacional.gov.py\/identificaciones\/wp-content\/uploads\/sites\/7\/2025\/11\/FB_IMG_1762278131575-362x208.jpg\" alt=\"Reconocimiento especial al Comisario Principal Flaminio Mendoza, Jefe de Gabinete del Dpto. de Identificaciones.\" itemprop=\"image\" class=\"left\" \/>\n\t\t\t\t<\/a>\t\t<\/div>\n\t\t\t\t\t\t\t\t<header class=\"wp-show-posts-entry-header\">\n\t\t\t\t\t\t\t<h2 class=\"wp-show-posts-entry-title\" itemprop=\"headline\"><a href=\"https:\/\/www.policianacional.gov.py\/identificaciones\/reconocimiento-especial-al-comisario-principal-flaminio-mendoza-jefe-de-gabinete-del-dpto-de-identificaciones\/\" rel=\"bookmark\">Reconocimiento especial al Comisario Principal Flaminio Mendoza, Jefe de Gabinete del Dpto. de Identificaciones.<\/a><\/h2><div class=\"wp-show-posts-entry-meta wp-show-posts-entry-meta-below-title post-meta-inline\"><span class=\"wp-show-posts-posted-on wp-show-posts-meta\">\n\t\t\t\t\t<a href=\"https:\/\/www.policianacional.gov.py\/identificaciones\/reconocimiento-especial-al-comisario-principal-flaminio-mendoza-jefe-de-gabinete-del-dpto-de-identificaciones\/\" title=\"16:18\" rel=\"bookmark\"><time class=\"wp-show-posts-entry-date published\" datetime=\"2025-11-04T16:18:29-03:00\" itemprop=\"datePublished\">04\/11\/2025<\/time><time class=\"wp-show-posts-updated\" datetime=\"2025-11-04T16:18:45-03:00\" itemprop=\"dateModified\">04\/11\/2025<\/time><\/a>\n\t\t\t\t<\/span><\/div>\t\t\t\t\t\t<\/header><!-- .entry-header -->\n\t\t\t\t\t\t\t\t\t\t\t<div class=\"wp-show-posts-entry-summary\" itemprop=\"text\">\n\t\t\t\t\t\t\t<p>Reconocimiento Especial al Jefe de Gabinete, Comisario Principal MCP Flaminio Mendoza. La Junta Departamental de Alto Paran\u00e1 entreg\u00f3 un reconocimiento especial al Comisario Principal MCP Abg. Flaminio Mendoza, actual Jefe de Gabinete, por su destacada labor cu\u00e1ndo estaba al frente de la Oficina de Identificaciones Regional Ciudad del Este. Este&#8230;<\/p>\n\t\t\t\t\t\t<\/div><!-- .entry-summary -->\n\t\t\t\t\t<div class=\"wpsp-read-more\"><a title=\"Reconocimiento especial al Comisario Principal Flaminio Mendoza, Jefe de Gabinete del Dpto. de Identificaciones.\" class=\"wp-show-posts-read-more\" href=\"https:\/\/www.policianacional.gov.py\/identificaciones\/reconocimiento-especial-al-comisario-principal-flaminio-mendoza-jefe-de-gabinete-del-dpto-de-identificaciones\/\">Leer m\u00e1s<\/a><\/div><\/div><!-- wp-show-posts-inner --><div class=\"wpsp-clear\"><\/div><\/article><article class=\" wp-show-posts-single wpsp-clearfix post-11407 post type-post status-publish format-standard has-post-thumbnail hentry category-destacada category-noticias\" itemtype=\"http:\/\/schema.org\/CreativeWork\" itemscope><div class=\"wp-show-posts-inner\" style=\"\">\t\t<div class=\"wp-show-posts-image  wpsp-image-left \">\n\t\t\t<a href=\"https:\/\/www.policianacional.gov.py\/identificaciones\/octubre-rosa\/\"  title=\"OCTUBRE ROSA\">\t\t\t\t\t<img decoding=\"async\" src=\"https:\/\/www.policianacional.gov.py\/identificaciones\/wp-content\/uploads\/sites\/7\/2025\/10\/WhatsApp-Image-2025-10-08-at-07.15.18-362x208.jpeg\" alt=\"OCTUBRE ROSA\" itemprop=\"image\" class=\"left\" \/>\n\t\t\t\t<\/a>\t\t<\/div>\n\t\t\t\t\t\t\t\t<header class=\"wp-show-posts-entry-header\">\n\t\t\t\t\t\t\t<h2 class=\"wp-show-posts-entry-title\" itemprop=\"headline\"><a href=\"https:\/\/www.policianacional.gov.py\/identificaciones\/octubre-rosa\/\" rel=\"bookmark\">OCTUBRE ROSA<\/a><\/h2><div class=\"wp-show-posts-entry-meta wp-show-posts-entry-meta-below-title post-meta-inline\"><span class=\"wp-show-posts-posted-on wp-show-posts-meta\">\n\t\t\t\t\t<a href=\"https:\/\/www.policianacional.gov.py\/identificaciones\/octubre-rosa\/\" title=\"07:42\" rel=\"bookmark\"><time class=\"wp-show-posts-entry-date published\" datetime=\"2025-10-08T07:42:09-03:00\" itemprop=\"datePublished\">08\/10\/2025<\/time><time class=\"wp-show-posts-updated\" datetime=\"2025-10-08T07:43:00-03:00\" itemprop=\"dateModified\">08\/10\/2025<\/time><\/a>\n\t\t\t\t<\/span><\/div>\t\t\t\t\t\t<\/header><!-- .entry-header -->\n\t\t\t\t\t\t\t\t\t\t\t<div class=\"wp-show-posts-entry-summary\" itemprop=\"text\">\n\t\t\t\t\t\t\t<p>Detectar a tiempo salva vidas. El c\u00e1ncer de mama no siempre da se\u00f1ales claras en sus primeras etapas, pero t\u00fa tienes el poder de detectarlo a tiempo. Cu\u00eddate, t\u00f3cate y amate. &nbsp; Polic\u00eda Nacional Departamento de Identificaciones.<\/p>\n\t\t\t\t\t\t<\/div><!-- .entry-summary -->\n\t\t\t\t\t<div class=\"wpsp-read-more\"><a title=\"OCTUBRE ROSA\" class=\"wp-show-posts-read-more\" href=\"https:\/\/www.policianacional.gov.py\/identificaciones\/octubre-rosa\/\">Leer m\u00e1s<\/a><\/div><\/div><!-- wp-show-posts-inner --><div class=\"wpsp-clear\"><\/div><\/article><article class=\" wp-show-posts-single wpsp-clearfix post-11357 post type-post status-publish format-standard has-post-thumbnail hentry category-destacada category-noticias\" itemtype=\"http:\/\/schema.org\/CreativeWork\" itemscope><div class=\"wp-show-posts-inner\" style=\"\">\t\t<div class=\"wp-show-posts-image  wpsp-image-left \">\n\t\t\t<a href=\"https:\/\/www.policianacional.gov.py\/identificaciones\/asume-nuevo-jefe-del-departamento-de-identificaciones-6\/\"  title=\"ASUME NUEVO JEFE DEL DEPARTAMENTO DE IDENTIFICACIONES\">\t\t\t\t\t<img decoding=\"async\" src=\"https:\/\/www.policianacional.gov.py\/identificaciones\/wp-content\/uploads\/sites\/7\/2025\/09\/WhatsApp-Image-2025-09-22-at-10.57.44-362x208.jpeg\" alt=\"ASUME NUEVO JEFE DEL DEPARTAMENTO DE IDENTIFICACIONES\" itemprop=\"image\" class=\"left\" \/>\n\t\t\t\t<\/a>\t\t<\/div>\n\t\t\t\t\t\t\t\t<header class=\"wp-show-posts-entry-header\">\n\t\t\t\t\t\t\t<h2 class=\"wp-show-posts-entry-title\" itemprop=\"headline\"><a href=\"https:\/\/www.policianacional.gov.py\/identificaciones\/asume-nuevo-jefe-del-departamento-de-identificaciones-6\/\" rel=\"bookmark\">ASUME NUEVO JEFE DEL DEPARTAMENTO DE IDENTIFICACIONES<\/a><\/h2><div class=\"wp-show-posts-entry-meta wp-show-posts-entry-meta-below-title post-meta-inline\"><span class=\"wp-show-posts-posted-on wp-show-posts-meta\">\n\t\t\t\t\t<a href=\"https:\/\/www.policianacional.gov.py\/identificaciones\/asume-nuevo-jefe-del-departamento-de-identificaciones-6\/\" title=\"10:45\" rel=\"bookmark\"><time class=\"wp-show-posts-entry-date published\" datetime=\"2025-09-10T10:45:24-03:00\" itemprop=\"datePublished\">10\/09\/2025<\/time><time class=\"wp-show-posts-updated\" datetime=\"2025-09-22T11:12:51-03:00\" itemprop=\"dateModified\">22\/09\/2025<\/time><\/a>\n\t\t\t\t<\/span><\/div>\t\t\t\t\t\t<\/header><!-- .entry-header -->\n\t\t\t\t\t\t\t\t\t\t\t<div class=\"wp-show-posts-entry-summary\" itemprop=\"text\">\n\t\t\t\t\t\t\t<p>Con presencia del Se\u00f1or Director General de Investigaci\u00f3n Criminal, Comisario General Director C\u00c9SAR SILGUERO LOBOS, y de la Directora de Cient\u00edfica y T\u00e9cnica, Comisario General Inspector MAR\u00cdA ROSSANA CH\u00c1VEZ LEAL, se realiz\u00f3 la entrega y recepci\u00f3n de cargo del nuevo Jefe del Departamento de Identificaciones. El Comisario Principal MCP. ALCIDES&#8230;<\/p>\n\t\t\t\t\t\t<\/div><!-- .entry-summary -->\n\t\t\t\t\t<div class=\"wpsp-read-more\"><a title=\"ASUME NUEVO JEFE DEL DEPARTAMENTO DE IDENTIFICACIONES\" class=\"wp-show-posts-read-more\" href=\"https:\/\/www.policianacional.gov.py\/identificaciones\/asume-nuevo-jefe-del-departamento-de-identificaciones-6\/\">Leer m\u00e1s<\/a><\/div><\/div><!-- wp-show-posts-inner --><div class=\"wpsp-clear\"><\/div><\/article><article class=\" wp-show-posts-single wpsp-clearfix post-11129 post type-post status-publish format-standard has-post-thumbnail hentry category-destacada category-noticias\" itemtype=\"http:\/\/schema.org\/CreativeWork\" itemscope><div class=\"wp-show-posts-inner\" style=\"\">\t\t<div class=\"wp-show-posts-image  wpsp-image-left \">\n\t\t\t<a href=\"https:\/\/www.policianacional.gov.py\/identificaciones\/comunicado-a-la-ciudadania-2\/\"  title=\"COMUNICADO A LA CIUDADAN\u00cdA\">\t\t\t\t\t<img decoding=\"async\" src=\"https:\/\/www.policianacional.gov.py\/identificaciones\/wp-content\/uploads\/sites\/7\/2025\/07\/IMG-20250707-WA0019-362x208.jpg\" alt=\"COMUNICADO A LA CIUDADAN\u00cdA\" itemprop=\"image\" class=\"left\" \/>\n\t\t\t\t<\/a>\t\t<\/div>\n\t\t\t\t\t\t\t\t<header class=\"wp-show-posts-entry-header\">\n\t\t\t\t\t\t\t<h2 class=\"wp-show-posts-entry-title\" itemprop=\"headline\"><a href=\"https:\/\/www.policianacional.gov.py\/identificaciones\/comunicado-a-la-ciudadania-2\/\" rel=\"bookmark\">COMUNICADO A LA CIUDADAN\u00cdA<\/a><\/h2><div class=\"wp-show-posts-entry-meta wp-show-posts-entry-meta-below-title post-meta-inline\"><span class=\"wp-show-posts-posted-on wp-show-posts-meta\">\n\t\t\t\t\t<a href=\"https:\/\/www.policianacional.gov.py\/identificaciones\/comunicado-a-la-ciudadania-2\/\" title=\"14:16\" rel=\"bookmark\"><time class=\"wp-show-posts-entry-date published\" datetime=\"2025-07-07T14:16:35-03:00\" itemprop=\"datePublished\">07\/07\/2025<\/time><\/a>\n\t\t\t\t<\/span><\/div>\t\t\t\t\t\t<\/header><!-- .entry-header -->\n\t\t\t\t\t\t\t\t\t\t\t<div class=\"wp-show-posts-entry-summary\" itemprop=\"text\">\n\t\t\t\t\t\t\t\t\t\t\t\t\t<\/div><!-- .entry-summary -->\n\t\t\t\t\t<div class=\"wpsp-read-more\"><a title=\"COMUNICADO A LA CIUDADAN\u00cdA\" class=\"wp-show-posts-read-more\" href=\"https:\/\/www.policianacional.gov.py\/identificaciones\/comunicado-a-la-ciudadania-2\/\">Leer m\u00e1s<\/a><\/div><\/div><!-- wp-show-posts-inner --><div class=\"wpsp-clear\"><\/div><\/article><article class=\" wp-show-posts-single wpsp-clearfix post-11050 post type-post status-publish format-standard has-post-thumbnail hentry category-destacada category-noticias\" itemtype=\"http:\/\/schema.org\/CreativeWork\" itemscope><div class=\"wp-show-posts-inner\" style=\"\">\t\t<div class=\"wp-show-posts-image  wpsp-image-left \">\n\t\t\t<a href=\"https:\/\/www.policianacional.gov.py\/identificaciones\/comunicado-importante-para-la-ciudadania\/\"  title=\"COMUNICADO IMPORTANTE PARA LA CIUDADANIA..!!\">\t\t\t\t\t<img decoding=\"async\" src=\"https:\/\/www.policianacional.gov.py\/identificaciones\/wp-content\/uploads\/sites\/7\/2025\/06\/WhatsApp-Image-2025-06-16-at-14.49.20-362x208.jpeg\" alt=\"COMUNICADO IMPORTANTE PARA LA CIUDADANIA..!!\" itemprop=\"image\" class=\"left\" \/>\n\t\t\t\t<\/a>\t\t<\/div>\n\t\t\t\t\t\t\t\t<header class=\"wp-show-posts-entry-header\">\n\t\t\t\t\t\t\t<h2 class=\"wp-show-posts-entry-title\" itemprop=\"headline\"><a href=\"https:\/\/www.policianacional.gov.py\/identificaciones\/comunicado-importante-para-la-ciudadania\/\" rel=\"bookmark\">COMUNICADO IMPORTANTE PARA LA CIUDADANIA..!!<\/a><\/h2><div class=\"wp-show-posts-entry-meta wp-show-posts-entry-meta-below-title post-meta-inline\"><span class=\"wp-show-posts-posted-on wp-show-posts-meta\">\n\t\t\t\t\t<a href=\"https:\/\/www.policianacional.gov.py\/identificaciones\/comunicado-importante-para-la-ciudadania\/\" title=\"15:01\" rel=\"bookmark\"><time class=\"wp-show-posts-entry-date published\" datetime=\"2025-06-16T15:01:31-03:00\" itemprop=\"datePublished\">16\/06\/2025<\/time><\/a>\n\t\t\t\t<\/span><\/div>\t\t\t\t\t\t<\/header><!-- .entry-header -->\n\t\t\t\t\t\t\t\t\t\t\t<div class=\"wp-show-posts-entry-summary\" itemprop=\"text\">\n\t\t\t\t\t\t\t\t\t\t\t\t\t<\/div><!-- .entry-summary -->\n\t\t\t\t\t<div class=\"wpsp-read-more\"><a title=\"COMUNICADO IMPORTANTE PARA LA CIUDADANIA..!!\" class=\"wp-show-posts-read-more\" href=\"https:\/\/www.policianacional.gov.py\/identificaciones\/comunicado-importante-para-la-ciudadania\/\">Leer m\u00e1s<\/a><\/div><\/div><!-- wp-show-posts-inner --><div class=\"wpsp-clear\"><\/div><\/article><article class=\" wp-show-posts-single wpsp-clearfix post-10959 post type-post status-publish format-standard has-post-thumbnail hentry category-destacada category-noticias\" itemtype=\"http:\/\/schema.org\/CreativeWork\" itemscope><div class=\"wp-show-posts-inner\" style=\"\">\t\t<div class=\"wp-show-posts-image  wpsp-image-left \">\n\t\t\t<a href=\"https:\/\/www.policianacional.gov.py\/identificaciones\/nuevo-horario-de-atencion-al-publico\/\"  title=\"NUEVO HORARIO DE ATENCI\u00d3N AL PUBLICO.\">\t\t\t\t\t<img decoding=\"async\" src=\"https:\/\/www.policianacional.gov.py\/identificaciones\/wp-content\/uploads\/sites\/7\/2025\/05\/Fachada_Identificaciones-362x208.jpg\" alt=\"NUEVO HORARIO DE ATENCI\u00d3N AL PUBLICO.\" itemprop=\"image\" class=\"left\" \/>\n\t\t\t\t<\/a>\t\t<\/div>\n\t\t\t\t\t\t\t\t<header class=\"wp-show-posts-entry-header\">\n\t\t\t\t\t\t\t<h2 class=\"wp-show-posts-entry-title\" itemprop=\"headline\"><a href=\"https:\/\/www.policianacional.gov.py\/identificaciones\/nuevo-horario-de-atencion-al-publico\/\" rel=\"bookmark\">NUEVO HORARIO DE ATENCI\u00d3N AL PUBLICO.<\/a><\/h2><div class=\"wp-show-posts-entry-meta wp-show-posts-entry-meta-below-title post-meta-inline\"><span class=\"wp-show-posts-posted-on wp-show-posts-meta\">\n\t\t\t\t\t<a href=\"https:\/\/www.policianacional.gov.py\/identificaciones\/nuevo-horario-de-atencion-al-publico\/\" title=\"17:45\" rel=\"bookmark\"><time class=\"wp-show-posts-entry-date published\" datetime=\"2025-05-23T17:45:04-03:00\" itemprop=\"datePublished\">23\/05\/2025<\/time><time class=\"wp-show-posts-updated\" datetime=\"2025-06-11T07:14:42-03:00\" itemprop=\"dateModified\">11\/06\/2025<\/time><\/a>\n\t\t\t\t<\/span><\/div>\t\t\t\t\t\t<\/header><!-- .entry-header -->\n\t\t\t\t\t\t\t\t\t\t\t<div class=\"wp-show-posts-entry-summary\" itemprop=\"text\">\n\t\t\t\t\t\t\t<p>El Departamento de Identificaciones comunica a la ciudadan\u00eda en general que a partir del Lunes 26 de mayo del corriente a\u00f1o se implementar\u00e1 el nuevo horario de atenci\u00f3n al p\u00fablico en Sede Central. El horario es como sigue: * Lunes a viernes de 06:00 hs a 18:00 hs. para todos&#8230;<\/p>\n\t\t\t\t\t\t<\/div><!-- .entry-summary -->\n\t\t\t\t\t<div class=\"wpsp-read-more\"><a title=\"NUEVO HORARIO DE ATENCI\u00d3N AL PUBLICO.\" class=\"wp-show-posts-read-more\" href=\"https:\/\/www.policianacional.gov.py\/identificaciones\/nuevo-horario-de-atencion-al-publico\/\">Leer m\u00e1s<\/a><\/div><\/div><!-- wp-show-posts-inner --><div class=\"wpsp-clear\"><\/div><\/article><article class=\" wp-show-posts-single wpsp-clearfix post-9629 post type-post status-publish format-standard has-post-thumbnail hentry category-destacada category-noticias\" itemtype=\"http:\/\/schema.org\/CreativeWork\" itemscope><div class=\"wp-show-posts-inner\" style=\"\">\t\t<div class=\"wp-show-posts-image  wpsp-image-left \">\n\t\t\t<a href=\"https:\/\/www.policianacional.gov.py\/identificaciones\/asume-nuevo-jefe-del-departamento-de-identificaciones-5\/\"  title=\"ASUME NUEVO JEFE DEL DEPARTAMENTO DE IDENTIFICACIONES.\">\t\t\t\t\t<img decoding=\"async\" src=\"https:\/\/www.policianacional.gov.py\/identificaciones\/wp-content\/uploads\/sites\/7\/2024\/06\/WhatsApp-Image-2024-06-19-at-07.52.07-1-362x208.jpeg\" alt=\"ASUME NUEVO JEFE DEL DEPARTAMENTO DE IDENTIFICACIONES.\" itemprop=\"image\" class=\"left\" \/>\n\t\t\t\t<\/a>\t\t<\/div>\n\t\t\t\t\t\t\t\t<header class=\"wp-show-posts-entry-header\">\n\t\t\t\t\t\t\t<h2 class=\"wp-show-posts-entry-title\" itemprop=\"headline\"><a href=\"https:\/\/www.policianacional.gov.py\/identificaciones\/asume-nuevo-jefe-del-departamento-de-identificaciones-5\/\" rel=\"bookmark\">ASUME NUEVO JEFE DEL DEPARTAMENTO DE IDENTIFICACIONES.<\/a><\/h2><div class=\"wp-show-posts-entry-meta wp-show-posts-entry-meta-below-title post-meta-inline\"><span class=\"wp-show-posts-posted-on wp-show-posts-meta\">\n\t\t\t\t\t<a href=\"https:\/\/www.policianacional.gov.py\/identificaciones\/asume-nuevo-jefe-del-departamento-de-identificaciones-5\/\" title=\"06:00\" rel=\"bookmark\"><time class=\"wp-show-posts-entry-date published\" datetime=\"2024-06-19T06:00:49-04:00\" itemprop=\"datePublished\">19\/06\/2024<\/time><time class=\"wp-show-posts-updated\" datetime=\"2024-06-25T07:58:05-04:00\" itemprop=\"dateModified\">25\/06\/2024<\/time><\/a>\n\t\t\t\t<\/span><\/div>\t\t\t\t\t\t<\/header><!-- .entry-header -->\n\t\t\t\t\t\t\t\t\t\t\t<div class=\"wp-show-posts-entry-summary\" itemprop=\"text\">\n\t\t\t\t\t\t\t<p>Con presencia del Se\u00f1or Director General de Justicia Policial, Comisario General Director Rub\u00e9n Oporto S\u00e1nchez, se realiz\u00f3 la entrega y recepci\u00f3n de cargo del nuevo Jefe del Departamento de Identificaciones. El Comisario Principal MCP. SERGIO DANIEL INSFRAN MARTINEZ, asumi\u00f3 como nuevo Jefe Interino del Departamento de Identificaciones, en fecha 18&#8230;<\/p>\n\t\t\t\t\t\t<\/div><!-- .entry-summary -->\n\t\t\t\t\t<div class=\"wpsp-read-more\"><a title=\"ASUME NUEVO JEFE DEL DEPARTAMENTO DE IDENTIFICACIONES.\" class=\"wp-show-posts-read-more\" href=\"https:\/\/www.policianacional.gov.py\/identificaciones\/asume-nuevo-jefe-del-departamento-de-identificaciones-5\/\">Leer m\u00e1s<\/a><\/div><\/div><!-- wp-show-posts-inner --><div class=\"wpsp-clear\"><\/div><\/article><\/section><!-- .wp-show-posts --><div class=\"wpsp-load-more\"><span aria-current=\"page\" class=\"page-numbers current\">1<\/span>\n<a class=\"page-numbers\" href=\"https:\/\/www.policianacional.gov.py\/identificaciones\/wp-json\/wp\/v2\/pages\/468\/page\/2\/\">2<\/a>\n<span class=\"page-numbers dots\">&hellip;<\/span>\n<a class=\"page-numbers\" href=\"https:\/\/www.policianacional.gov.py\/identificaciones\/wp-json\/wp\/v2\/pages\/468\/page\/10\/\">10<\/a>\n<a class=\"next page-numbers\" href=\"https:\/\/www.policianacional.gov.py\/identificaciones\/wp-json\/wp\/v2\/pages\/468\/page\/2\/\">Siguiente &rarr;<\/a><\/div>\n","protected":false},"excerpt":{"rendered":"","protected":false},"author":5,"featured_media":0,"parent":0,"menu_order":0,"comment_status":"closed","ping_status":"closed","template":"","meta":{"footnotes":""},"class_list":["post-468","page","type-page","status-publish","hentry","generate-columns","tablet-grid-50","mobile-grid-100","grid-parent","grid-33"],"jetpack_sharing_enabled":true,"jetpack_shortlink":"https:\/\/wp.me\/PfafgB-7y","_links":{"self":[{"href":"https:\/\/www.policianacional.gov.py\/identificaciones\/wp-json\/wp\/v2\/pages\/468","targetHints":{"allow":["GET"]}}],"collection":[{"href":"https:\/\/www.policianacional.gov.py\/identificaciones\/wp-json\/wp\/v2\/pages"}],"about":[{"href":"https:\/\/www.policianacional.gov.py\/identificaciones\/wp-json\/wp\/v2\/types\/page"}],"author":[{"embeddable":true,"href":"https:\/\/www.policianacional.gov.py\/identificaciones\/wp-json\/wp\/v2\/users\/5"}],"replies":[{"embeddable":true,"href":"https:\/\/www.policianacional.gov.py\/identificaciones\/wp-json\/wp\/v2\/comments?post=468"}],"version-history":[{"count":1,"href":"https:\/\/www.policianacional.gov.py\/identificaciones\/wp-json\/wp\/v2\/pages\/468\/revisions"}],"predecessor-version":[{"id":469,"href":"https:\/\/www.policianacional.gov.py\/identificaciones\/wp-json\/wp\/v2\/pages\/468\/revisions\/469"}],"wp:attachment":[{"href":"https:\/\/www.policianacional.gov.py\/identificaciones\/wp-json\/wp\/v2\/media?parent=468"}],"curies":[{"name":"wp","href":"https:\/\/api.w.org\/{rel}","templated":true}]}}