{"id":1279,"date":"2018-05-17T08:39:14","date_gmt":"2018-05-17T12:39:14","guid":{"rendered":"https:\/\/www.policianacional.gov.py\/antisecuestro\/?page_id=1279"},"modified":"2020-07-29T12:40:03","modified_gmt":"2020-07-29T16:40:03","slug":"historia","status":"publish","type":"page","link":"https:\/\/www.policianacional.gov.py\/antisecuestro\/historia\/","title":{"rendered":"Historia"},"content":{"rendered":"<p>&nbsp;<\/p>\n<p>El Departamento Antisecuestro de Personal de la Polic\u00eda Nacional con las siglas DASP, nace con la <strong>Resoluci\u00f3n de la Comandancia N\u00b0 100 del 4 de Setiembre\u00a0 del 2003<\/strong>, siendo Comandante el Comisario General Comandante <strong>TOMAS ISMAEL CHAMORRO BARCOVICH<\/strong>, quien dispone la creaci\u00f3n de una Unidad Policial Elite ante la aparici\u00f3n de este fen\u00f3meno criminal que se daba de manera llamativa en la sociedad paraguaya, el secuestro extorsivo.<\/p>\n<p>&nbsp;<\/p>\n<p>Fue el primer Jefe del DASP el <strong>CRIO PPAL DAEP ABG ROLANDO BENITEZ, <\/strong>interviniendo con su equipo en casos relevantes como el secuestro de la ciudadana Mar\u00eda Edith de Debernardi. Posteriormente asume el desaf\u00edo de estar al frente de dicha Unidad investigativa el <strong>CRIO PPAL DAEP ROSENDO IBARRA,<\/strong> a cuyo equipo a m\u00e1s del secuestro de la Sra. Debernadi- cupo investigar otros casos como el secuestro de la empresaria Gilda Mar\u00eda Estela Vargas y del empresario ganadero Sebasti\u00e1n Llano Cabina,\u00a0 con estas investigaciones se logr\u00f3 la identificaci\u00f3n da la famosa organizaci\u00f3n criminal conocida como la \u201cBanda de Carr\u00f3 C\u00f3rdoba\u201d encabezada por el argentino Cristian Marcelo Carro C\u00f3rdoba quien operaba en Paraguay y Argentina. En el a\u00f1o 2005 el DASP pasa a depender org\u00e1nicamente\u00a0 del Dpto. de Investigaci\u00f3n de Delitos como Divisi\u00f3n, en ese contexto se encontraba en plena fase de investigaci\u00f3n del secuestro de la hija del ex Presidente de la Republica Cecilia Cubas, encabezando los procesos investigativos y en coordinaci\u00f3n con componentes del Dpto. en menci\u00f3n, por la complejidad de los hechos relacionados al secuestro nace la Unidad Fiscal Especializada en Hechos Punibles Contra la Libertad de la Personas siendo una de las Fiscales referentes la Abog. Sandra Qui\u00f1onez, actual Fiscal General del Estado. En este periodo, alternaron los siguientes Jefes de Divisi\u00f3n: <strong>CRIO DEJAP RUBEN LAROSA, CRIO DEJAP ISIDRO SALINAS, CRIO DEJAP JUAN PINO, CRIO DEJAP RUBEN CABRAL TEME<\/strong>.<\/p>\n<p>&nbsp;<\/p>\n<p>En el a\u00f1o 2005 por Resoluci\u00f3n N\u00b0 122 de fecha 6 de abril firmado por el entonces Comandante Comisario General <strong>CARLOS ALBERTO ZELAYA<\/strong> el DASP vuelve a ser Departamento dependiente de la Direcci\u00f3n de Apoyo T\u00e9cnico tras el hallazgo del cad\u00e1ver de la v\u00edctima Cecilia Cubas y la captura y desmantelamiento de los perpetradores del hecho, autores morales y materiales componentes del brazo armado del Partido Pol\u00edtico Patria Libre encabezado por Osmar Mart\u00ednez,\u00a0 es nombrado Jefe en esta nueva etapa el <strong>CRIO PPAL DAEP HERMES ENRIQUE ARGA\u00d1A,<\/strong> llevando adelante en su administraci\u00f3n procedimientos exitosos en la lucha contra el secuestro y la extorsi\u00f3n en el Paraguay.<\/p>\n<p>&nbsp;<\/p>\n<p>Es en este momento donde organizaciones criminales que perpetraban asaltos, optan por el secuestro utilizando como zona de\u00a0 actuar los Departamentos del Alto Paran\u00e1 y Ca\u2019aguazu. Con firme liderazgo se logra el desmantelamiento de la temida organizaci\u00f3n encabezada por el delincuente internacional brasilero\u00a0 Valdecir Pi\u00f1eiro con la \u201cBanda de Valdecir\u201d la cual operaba en la frontera con el Brasil. Esta organizaci\u00f3n criminal perpetr\u00f3 una seguidilla de 15 secuestros en esta zona del pa\u00eds,\u00a0 entre las que podemos mencionar al ciudadano japon\u00e9s Hirokazu Ota y el empresario libanes Mohamed Barakat.\u00a0 El DASP, en un proceso de renovaci\u00f3n edilicio se traslada al edificio ubicado sobre la Calle 9na Proyectadas casi Ntra. Sra. de la Asunci\u00f3n, del B\u00b0 Obrero \u2013 Asunci\u00f3n, donde permanece hasta hoy. Prosiguen las tareas investigativas el <strong>CRIO PPAL MCP SANTIAGO SILVA MORAN<\/strong>, en ese a\u00f1o (2008) componentes del brazo armado del otrora Partido Patria Libre fundan el autodenominado EPP, con la visi\u00f3n de llegar al poder pol\u00edtico a trav\u00e9s de la armas utilizando el secuestro de ciudadanos y la extorsi\u00f3n para captar dinero, asume en este periodo como Jefe del DASP el <strong>CRIO PPAL MCP FRANCISCO ALVARENGA,<\/strong> quien encabeza procedimientos importantes en la lucha contra esta reciente organizaci\u00f3n terrorista, como as\u00ed tambi\u00e9n la proliferaci\u00f3n de un nuevo m\u00e9todo de coacci\u00f3n; la Extorsi\u00f3n a trav\u00e9s de llamadas desde las Penitenciar\u00edas. Se conforman y consolidan las tres oficinas Regionales del DASP: una ubicada en Ciudad del Este, otra en la Ciudad de Concepci\u00f3n y otra en la Ciudad de Sta Rosa del Aguaray \u2013 Dpto. de San Pedro.\u00a0 Se apoyan actividades de inteligencia en zonas de alto riesgo y se realizan de manera coordinadas tareas operativas y de inteligencia con las fuerzas militares en los denominados \u201cOperativos Triangulo y Sombra\u201d.\u00a0 En el a\u00f1o 2008 asume el <strong>CRIO PPAL MCP ALDO RAM\u00d3N PASTORE<\/strong> pasando el DASP a depender del Gabinete de la Comandancia, en este periodo se organiza un nuevo grupo Elite T\u00e1ctico del DASP, por recomendaci\u00f3n de asesores colombianos al cual se lo denomina \u201cGrupo F\u00e9nix\u201d. Con nuevos procesos de investigaci\u00f3n y elementos t\u00e1cticos especiales,\u00a0 los F\u00e9nix encabezados por el Jefe del Dpto. logran la eliminaci\u00f3n de importantes componentes org\u00e1nicos del EPP, quienes operaban en el norte del pa\u00eds realizando atentados terroristas y secuestros de ciudadanos donde resultaron v\u00edctimas el Sr Luis Lindstron,\u00a0 Fidel Zabala y Arlan Fick. El DASP, pasa a depender nuevamente de la Direcci\u00f3n de Apoyo T\u00e9cnico asumiendo la Jefatura del Dpto., siguiendo los delineamientos investigativos y de Inteligencia el <strong>CRIO PPAL MCP FRANCISCO RESQU\u00cdN CHAMORRO,<\/strong> hombre de la casa a quien cupo estar en su momento al frente de Divisiones y Regionales del DASP. En su administraci\u00f3n se conforma y fortalece los equipos Antisecuestros, se logra la capacitaci\u00f3n de elementos\u00a0 con otras unidades antisecuestros del mundo, fortaleci\u00e9ndose adem\u00e1s\u00a0 relaciones bilaterales estrat\u00e9gicas con la Polic\u00eda Nacional de Colombia, la Polic\u00eda Federal de Brasil, la Gendarmer\u00eda de la Argentina, la Polic\u00eda Nacional de Per\u00fa entre otros. Se organiza y fortalece la Divisi\u00f3n Antiextorsi\u00f3n y se orienta firmemente la visi\u00f3n preventiva en procesos del DASP por su naturaleza y competencia. Se logran importantes capturas y desmantelamientos de organizaciones criminales y uno de los mayores \u00e9xitos investigativos en la historia policial del pa\u00eds, la liberaci\u00f3n sin pago alguno de la ciudadana secuestrada DALIA SCAPPINI (setiembre de 2013), con la captura de los autores materiales y morales, la individualizaci\u00f3n de componente org\u00e1nico criminal el cual operaba internacionalmente en Paraguay y Argentina.\u00a0 A trav\u00e9s de alianzas estrat\u00e9gicas se logr\u00f3 la captura de todos los componentes y finalmente la condena m\u00e1xima a los mismos en la Justicia paraguaya, con los elementos probatorios al proceso penal a trav\u00e9s de la ciencia policial y pericial siempre bajo el firme liderazgo del Jefe de Dpto.<\/p>\n<p>&nbsp;<\/p>\n<p>Prosiguiendo la lucha contra el secuestro y la extorsi\u00f3n en el Paraguay en el a\u00f1o 2017 asume el <strong>CRIO PPAL MCP GILBERTO\u00a0 ARISTIDES FLEITAS COLM\u00c1N<\/strong>, quien enfatiza los procesos de investigaci\u00f3n e inteligencia en la lucha contra el EPP, apoyando las tareas de la recientemente establecido Comando de Operaciones de Defensa Interna (CODI) por Ley de la Naci\u00f3n,\u00a0 siendo el DASP referente en un nuevo sistema de lucha contra dicha organizaci\u00f3n terrorista. Posteriormente es convocado nuevamente el <strong>CRIO PPAL MCP FRANCISCO RESQUIN CHAMORRO<\/strong>, quien con la misma visi\u00f3n y compromiso asume el desaf\u00edo de llevar adelante la lucha contra el secuestro y la extorsi\u00f3n. Dicho Oficial Jefe pasa a convertirse en el nuevo Director de Investigaci\u00f3n de Hechos Punibles ascendiendo al grado inmediato Superior de Crio Gral. Insp. para posteriormente llegar al cargo m\u00e1ximo institucional, la de Comandante de la Polic\u00eda Nacional.\u00a0 Posteriormente (a\u00f1o 2018) asume el desaf\u00edo de estar al frente del DASP el <strong>CRIO PPAL MCP\u00a0 FABIO RAMON SANABRIA VILLALBA<\/strong>, con la visi\u00f3n de mantener al Dpto. como una unidad investigativa\u00a0 referente a nivel Nacional, prosiguiendo el compromiso de lucha contra el secuestro y la extorsi\u00f3n. Hoy es titular del Dpto. el <strong>CRIO MAAP NIMIO ABEL CARDOZO ESPINOLA,<\/strong> nombrado por Resoluci\u00f3n de la Comandancia N\u00b0 39 de fecha 26 de junio de 2019 firmado por el Comandante de la Polic\u00eda Nacional Crio Gral Dir Francisco Resqu\u00edn Chamorro. El Crio Nimio Cardozo es un Oficial Jefe comprometido con la visi\u00f3n de servicio caracter\u00edstico del DASP. El nuevo titular, con destacada y conocida idoneidad, incorpora el desaf\u00edo del desarrollo de un innovador Sistema de Gesti\u00f3n de Calidad optimizando el servicio orientado a la calidad total. Se crea una nueva Oficina Regional en la Ciudad de Encarnaci\u00f3n y se logra la capacitaci\u00f3n de todos los componentes del Dpto. Ahora, con una imagen renovada y nuevas siglas el\u00a0 DAS rompe paradigmas y busca una nueva proyecci\u00f3n a la sociedad y niveles t\u00e9cnico superiores que posicionar\u00e1n al Dpto. como referente en toda Latinoam\u00e9rica, apuntando a\u00a0 la capacidad, el profesionalismo y el compromiso de sus integrantes dispuestos a seguir la estela de logros dejado por los anteriores Jefes, Oficiales y Sub Oficiales, en especial\u00a0 la del 1er h\u00e9roe Antisecuestros el <strong>CRIO PPAL (Post) RUFINO ACOSTA GILL<\/strong> quien\u00a0 siendo Sub Jefe del Dpto. dio su vida en la lucha contra el secuestro y la extorsi\u00f3n en un enfrentamiento ocurrido el 24 de enero de 2019 en el Dpto. del Amambay,\u00a0 fiel al mandado constitucional asumido de dar la vida si necesario fuere por el <strong>ORDEN Y LA PATRIA.<\/strong><\/p>\n<p>&nbsp;<\/p>\n<p>El compromiso que cada componente del DAS asume, es inmenso, un reto personal como polic\u00edas. Necesitamos de hombres y mujeres que sigan construyendo sobre el legado de profesionalismo que hizo del Dpto. Antisecuestros una de las mejores y m\u00e1s respetadas unidades investigativas de la Polic\u00eda Nacional paraguaya.<\/p>\n<p>&nbsp;<\/p>\n<p>No somos mejores ni peores, somos diferentes, somos Antisecuestros. <strong>\u201cDecos Paccis Terror Belli\u201d<\/strong> (Prudentes pero Implacables) que se lee en nuestro logo, nos recuerda el compromiso de ser parte de un equipo comprometido con Dios y la Patria.<\/p>\n<p>&nbsp;<\/p>\n<p>El 4 de setiembre pasado el Dpto. Antisecuestro de Personas DAS cumpli\u00f3 16 a\u00f1os DE HONOR Y GLORIA.<\/p>\n<p>&nbsp;<\/p>\n<p style=\"text-align: center\"><strong>SEGUIREMOS CRECIENDO CON TU COMPROMISO. <\/strong><\/p>\n<p style=\"text-align: center\"><strong>\u00a0<\/strong><\/p>\n<p style=\"text-align: center\"><strong>ORDEN Y PATRIA<\/strong><\/p>\n","protected":false},"excerpt":{"rendered":"<p>&nbsp; El Departamento Antisecuestro de Personal de la Polic\u00eda Nacional con las siglas DASP, nace con la Resoluci\u00f3n de la Comandancia N\u00b0 100 del 4 de Setiembre\u00a0 del 2003, siendo Comandante el Comisario General Comandante TOMAS ISMAEL CHAMORRO BARCOVICH, quien dispone la creaci\u00f3n de una Unidad Policial Elite ante la aparici\u00f3n de este fen\u00f3meno criminal &#8230; <\/p>\n<p class=\"read-more-container\"><a title=\"Historia\" class=\"read-more button\" href=\"https:\/\/www.policianacional.gov.py\/antisecuestro\/historia\/#more-1279\" aria-label=\"Leer m\u00e1s sobre Historia\">Leer M\u00e1s&#8230;<\/a><\/p>\n","protected":false},"author":21,"featured_media":0,"parent":0,"menu_order":0,"comment_status":"closed","ping_status":"closed","template":"","meta":{"generate_page_header":"","footnotes":""},"class_list":["post-1279","page","type-page","status-publish"],"jetpack_sharing_enabled":true,"jetpack_shortlink":"https:\/\/wp.me\/P8Lk5a-kD","_links":{"self":[{"href":"https:\/\/www.policianacional.gov.py\/antisecuestro\/wp-json\/wp\/v2\/pages\/1279","targetHints":{"allow":["GET"]}}],"collection":[{"href":"https:\/\/www.policianacional.gov.py\/antisecuestro\/wp-json\/wp\/v2\/pages"}],"about":[{"href":"https:\/\/www.policianacional.gov.py\/antisecuestro\/wp-json\/wp\/v2\/types\/page"}],"author":[{"embeddable":true,"href":"https:\/\/www.policianacional.gov.py\/antisecuestro\/wp-json\/wp\/v2\/users\/21"}],"replies":[{"embeddable":true,"href":"https:\/\/www.policianacional.gov.py\/antisecuestro\/wp-json\/wp\/v2\/comments?post=1279"}],"version-history":[{"count":6,"href":"https:\/\/www.policianacional.gov.py\/antisecuestro\/wp-json\/wp\/v2\/pages\/1279\/revisions"}],"predecessor-version":[{"id":1614,"href":"https:\/\/www.policianacional.gov.py\/antisecuestro\/wp-json\/wp\/v2\/pages\/1279\/revisions\/1614"}],"wp:attachment":[{"href":"https:\/\/www.policianacional.gov.py\/antisecuestro\/wp-json\/wp\/v2\/media?parent=1279"}],"curies":[{"name":"wp","href":"https:\/\/api.w.org\/{rel}","templated":true}]}}

<p>&nbsp;</p>
<p>El Departamento Antisecuestro de Personal de la Policía Nacional con las siglas DASP, nace con la <strong>Resolución de la Comandancia N° 100 del 4 de Setiembre  del 2003</strong>, siendo Comandante el Comisario General Comandante <strong>TOMAS ISMAEL CHAMORRO BARCOVICH</strong>, quien dispone la creación de una Unidad Policial Elite ante la aparición de este fenómeno criminal que se daba de manera llamativa en la sociedad paraguaya, el secuestro extorsivo.</p>
<p>&nbsp;</p>
<p>Fue el primer Jefe del DASP el <strong>CRIO PPAL DAEP ABG ROLANDO BENITEZ, </strong>interviniendo con su equipo en casos relevantes como el secuestro de la ciudadana María Edith de Debernardi. Posteriormente asume el desafío de estar al frente de dicha Unidad investigativa el <strong>CRIO PPAL DAEP ROSENDO IBARRA,</strong> a cuyo equipo a más del secuestro de la Sra. Debernadi- cupo investigar otros casos como el secuestro de la empresaria Gilda María Estela Vargas y del empresario ganadero Sebastián Llano Cabina,  con estas investigaciones se logró la identificación da la famosa organización criminal conocida como la “Banda de Carró Córdoba” encabezada por el argentino Cristian Marcelo Carro Córdoba quien operaba en Paraguay y Argentina. En el año 2005 el DASP pasa a depender orgánicamente  del Dpto. de Investigación de Delitos como División, en ese contexto se encontraba en plena fase de investigación del secuestro de la hija del ex Presidente de la Republica Cecilia Cubas, encabezando los procesos investigativos y en coordinación con componentes del Dpto. en mención, por la complejidad de los hechos relacionados al secuestro nace la Unidad Fiscal Especializada en Hechos Punibles Contra la Libertad de la Personas siendo una de las Fiscales referentes la Abog. Sandra Quiñonez, actual Fiscal General del Estado. En este periodo, alternaron los siguientes Jefes de División: <strong>CRIO DEJAP RUBEN LAROSA, CRIO DEJAP ISIDRO SALINAS, CRIO DEJAP JUAN PINO, CRIO DEJAP RUBEN CABRAL TEME</strong>.</p>
<p>&nbsp;</p>
<p>En el año 2005 por Resolución N° 122 de fecha 6 de abril firmado por el entonces Comandante Comisario General <strong>CARLOS ALBERTO ZELAYA</strong> el DASP vuelve a ser Departamento dependiente de la Dirección de Apoyo Técnico tras el hallazgo del cadáver de la víctima Cecilia Cubas y la captura y desmantelamiento de los perpetradores del hecho, autores morales y materiales componentes del brazo armado del Partido Político Patria Libre encabezado por Osmar Martínez,  es nombrado Jefe en esta nueva etapa el <strong>CRIO PPAL DAEP HERMES ENRIQUE ARGAÑA,</strong> llevando adelante en su administración procedimientos exitosos en la lucha contra el secuestro y la extorsión en el Paraguay.</p>
<p>&nbsp;</p>
<p>Es en este momento donde organizaciones criminales que perpetraban asaltos, optan por el secuestro utilizando como zona de  actuar los Departamentos del Alto Paraná y Ca’aguazu. Con firme liderazgo se logra el desmantelamiento de la temida organización encabezada por el delincuente internacional brasilero  Valdecir Piñeiro con la “Banda de Valdecir” la cual operaba en la frontera con el Brasil. Esta organización criminal perpetró una seguidilla de 15 secuestros en esta zona del país,  entre las que podemos mencionar al ciudadano japonés Hirokazu Ota y el empresario libanes Mohamed Barakat.  El DASP, en un proceso de renovación edilicio se traslada al edificio ubicado sobre la Calle 9na Proyectadas casi Ntra. Sra. de la Asunción, del B° Obrero – Asunción, donde permanece hasta hoy. Prosiguen las tareas investigativas el <strong>CRIO PPAL MCP SANTIAGO SILVA MORAN</strong>, en ese año (2008) componentes del brazo armado del otrora Partido Patria Libre fundan el autodenominado EPP, con la visión de llegar al poder político a través de la armas utilizando el secuestro de ciudadanos y la extorsión para captar dinero, asume en este periodo como Jefe del DASP el <strong>CRIO PPAL MCP FRANCISCO ALVARENGA,</strong> quien encabeza procedimientos importantes en la lucha contra esta reciente organización terrorista, como así también la proliferación de un nuevo método de coacción; la Extorsión a través de llamadas desde las Penitenciarías. Se conforman y consolidan las tres oficinas Regionales del DASP: una ubicada en Ciudad del Este, otra en la Ciudad de Concepción y otra en la Ciudad de Sta Rosa del Aguaray – Dpto. de San Pedro.  Se apoyan actividades de inteligencia en zonas de alto riesgo y se realizan de manera coordinadas tareas operativas y de inteligencia con las fuerzas militares en los denominados “Operativos Triangulo y Sombra”.  En el año 2008 asume el <strong>CRIO PPAL MCP ALDO RAMÓN PASTORE</strong> pasando el DASP a depender del Gabinete de la Comandancia, en este periodo se organiza un nuevo grupo Elite Táctico del DASP, por recomendación de asesores colombianos al cual se lo denomina “Grupo Fénix”. Con nuevos procesos de investigación y elementos tácticos especiales,  los Fénix encabezados por el Jefe del Dpto. logran la eliminación de importantes componentes orgánicos del EPP, quienes operaban en el norte del país realizando atentados terroristas y secuestros de ciudadanos donde resultaron víctimas el Sr Luis Lindstron,  Fidel Zabala y Arlan Fick. El DASP, pasa a depender nuevamente de la Dirección de Apoyo Técnico asumiendo la Jefatura del Dpto., siguiendo los delineamientos investigativos y de Inteligencia el <strong>CRIO PPAL MCP FRANCISCO RESQUÍN CHAMORRO,</strong> hombre de la casa a quien cupo estar en su momento al frente de Divisiones y Regionales del DASP. En su administración se conforma y fortalece los equipos Antisecuestros, se logra la capacitación de elementos  con otras unidades antisecuestros del mundo, fortaleciéndose además  relaciones bilaterales estratégicas con la Policía Nacional de Colombia, la Policía Federal de Brasil, la Gendarmería de la Argentina, la Policía Nacional de Perú entre otros. Se organiza y fortalece la División Antiextorsión y se orienta firmemente la visión preventiva en procesos del DASP por su naturaleza y competencia. Se logran importantes capturas y desmantelamientos de organizaciones criminales y uno de los mayores éxitos investigativos en la historia policial del país, la liberación sin pago alguno de la ciudadana secuestrada DALIA SCAPPINI (setiembre de 2013), con la captura de los autores materiales y morales, la individualización de componente orgánico criminal el cual operaba internacionalmente en Paraguay y Argentina.  A través de alianzas estratégicas se logró la captura de todos los componentes y finalmente la condena máxima a los mismos en la Justicia paraguaya, con los elementos probatorios al proceso penal a través de la ciencia policial y pericial siempre bajo el firme liderazgo del Jefe de Dpto.</p>
<p>&nbsp;</p>
<p>Prosiguiendo la lucha contra el secuestro y la extorsión en el Paraguay en el año 2017 asume el <strong>CRIO PPAL MCP GILBERTO  ARISTIDES FLEITAS COLMÁN</strong>, quien enfatiza los procesos de investigación e inteligencia en la lucha contra el EPP, apoyando las tareas de la recientemente establecido Comando de Operaciones de Defensa Interna (CODI) por Ley de la Nación,  siendo el DASP referente en un nuevo sistema de lucha contra dicha organización terrorista. Posteriormente es convocado nuevamente el <strong>CRIO PPAL MCP FRANCISCO RESQUIN CHAMORRO</strong>, quien con la misma visión y compromiso asume el desafío de llevar adelante la lucha contra el secuestro y la extorsión. Dicho Oficial Jefe pasa a convertirse en el nuevo Director de Investigación de Hechos Punibles ascendiendo al grado inmediato Superior de Crio Gral. Insp. para posteriormente llegar al cargo máximo institucional, la de Comandante de la Policía Nacional.  Posteriormente (año 2018) asume el desafío de estar al frente del DASP el <strong>CRIO PPAL MCP  FABIO RAMON SANABRIA VILLALBA</strong>, con la visión de mantener al Dpto. como una unidad investigativa  referente a nivel Nacional, prosiguiendo el compromiso de lucha contra el secuestro y la extorsión. Hoy es titular del Dpto. el <strong>CRIO MAAP NIMIO ABEL CARDOZO ESPINOLA,</strong> nombrado por Resolución de la Comandancia N° 39 de fecha 26 de junio de 2019 firmado por el Comandante de la Policía Nacional Crio Gral Dir Francisco Resquín Chamorro. El Crio Nimio Cardozo es un Oficial Jefe comprometido con la visión de servicio característico del DASP. El nuevo titular, con destacada y conocida idoneidad, incorpora el desafío del desarrollo de un innovador Sistema de Gestión de Calidad optimizando el servicio orientado a la calidad total. Se crea una nueva Oficina Regional en la Ciudad de Encarnación y se logra la capacitación de todos los componentes del Dpto. Ahora, con una imagen renovada y nuevas siglas el  DAS rompe paradigmas y busca una nueva proyección a la sociedad y niveles técnico superiores que posicionarán al Dpto. como referente en toda Latinoamérica, apuntando a  la capacidad, el profesionalismo y el compromiso de sus integrantes dispuestos a seguir la estela de logros dejado por los anteriores Jefes, Oficiales y Sub Oficiales, en especial  la del 1er héroe Antisecuestros el <strong>CRIO PPAL (Post) RUFINO ACOSTA GILL</strong> quien  siendo Sub Jefe del Dpto. dio su vida en la lucha contra el secuestro y la extorsión en un enfrentamiento ocurrido el 24 de enero de 2019 en el Dpto. del Amambay,  fiel al mandado constitucional asumido de dar la vida si necesario fuere por el <strong>ORDEN Y LA PATRIA.</strong></p>
<p>&nbsp;</p>
<p>El compromiso que cada componente del DAS asume, es inmenso, un reto personal como policías. Necesitamos de hombres y mujeres que sigan construyendo sobre el legado de profesionalismo que hizo del Dpto. Antisecuestros una de las mejores y más respetadas unidades investigativas de la Policía Nacional paraguaya.</p>
<p>&nbsp;</p>
<p>No somos mejores ni peores, somos diferentes, somos Antisecuestros. <strong>“Decos Paccis Terror Belli”</strong> (Prudentes pero Implacables) que se lee en nuestro logo, nos recuerda el compromiso de ser parte de un equipo comprometido con Dios y la Patria.</p>
<p>&nbsp;</p>
<p>El 4 de setiembre pasado el Dpto. Antisecuestro de Personas DAS cumplió 16 años DE HONOR Y GLORIA.</p>
<p>&nbsp;</p>
<p style="text-align: center"><strong>SEGUIREMOS CRECIENDO CON TU COMPROMISO. </strong></p>
<p style="text-align: center"><strong> </strong></p>
<p style="text-align: center"><strong>ORDEN Y PATRIA</strong></p>

<p>&nbsp; El Departamento Antisecuestro de Personal de la Policía Nacional con las siglas DASP, nace con la Resolución de la Comandancia N° 100 del 4 de Setiembre  del 2003, siendo Comandante el Comisario General Comandante TOMAS ISMAEL CHAMORRO BARCOVICH, quien dispone la creación de una Unidad Policial Elite ante la aparición de este fenómeno criminal &#8230; </p>
<p class="read-more-container"><a title="Historia" class="read-more button" href="https://www.policianacional.gov.py/antisecuestro/historia/#more-1279" aria-label="Leer más sobre Historia">Leer Más&#8230;</a></p>
